{"id":2,"date":"2014-08-11T07:09:42","date_gmt":"2014-08-11T07:09:42","guid":{"rendered":"http:\/\/gouvy.eu\/antan\/?page_id=2"},"modified":"2015-04-09T20:48:21","modified_gmt":"2015-04-09T19:48:21","slug":"gouvy-dantan","status":"publish","type":"page","link":"https:\/\/gouvy.eu\/antan\/","title":{"rendered":"Gouvy d&rsquo;antan"},"content":{"rendered":"<p>Plonger dans l&rsquo;histoire de la Commune de Gouvy, c&rsquo;est \u00e9galement fouiller dans la documentation et particuli\u00e8rement les cartes postales accumul\u00e9es par certains de nos concitoyens.<br \/>\nLes albums de cartes postales propos\u00e9s ici proviennent de l&rsquo;immense collection de Victor Trembloy. Merci.<\/p>\n<p>Dans le menu, la rubrique \u00ab\u00a0Albums\u00a0\u00bb vous propose diff\u00e9rentes collections de cartes postales, organis\u00e9es par th\u00e8mes.<\/p>\n<div data-carousel-extra='{\"blog_id\":6,\"permalink\":\"https:\\\/\\\/gouvy.eu\\\/antan\\\/\"}' class=\"tiled-gallery type-rectangular\" data-original-width=\"648\"><div class=\"gallery-row\" style=\"width: 643px; height: 271px;\"><div class=\"gallery-group images-1\" style=\"width: 427px; height: 275px;\"><div class=\"tiled-gallery-item tiled-gallery-item-large\"><a href=\"https:\/\/gouvy.eu\/antan\/gouvy-dantan\/dp00-01-gouvy-d-antan\/\"><img loading=\"lazy\" decoding=\"async\" data-attachment-id=\"163\" data-orig-file=\"https:\/\/gouvy.eu\/antan\/files\/gouvy-dantan\/dp00-01-Gouvy-d-antan.jpg\" data-orig-size=\"1625,1042\" data-comments-opened=\"0\" data-image-meta=\"{&quot;aperture&quot;:&quot;0&quot;,&quot;credit&quot;:&quot;&quot;,&quot;camera&quot;:&quot;&quot;,&quot;caption&quot;:&quot;&quot;,&quot;created_timestamp&quot;:&quot;0&quot;,&quot;copyright&quot;:&quot;&quot;,&quot;focal_length&quot;:&quot;0&quot;,&quot;iso&quot;:&quot;0&quot;,&quot;shutter_speed&quot;:&quot;0&quot;,&quot;title&quot;:&quot;&quot;}\" data-image-title=\"dp00-01 Gouvy d antan\" data-image-description=\"\" data-medium-file=\"https:\/\/gouvy.eu\/antan\/files\/gouvy-dantan\/dp00-01-Gouvy-d-antan-300x192.jpg\" data-large-file=\"https:\/\/gouvy.eu\/antan\/files\/gouvy-dantan\/dp00-01-Gouvy-d-antan-500x320.jpg\" src=\"https:\/\/gouvy.eu\/antan\/files\/gouvy-dantan\/dp00-01-Gouvy-d-antan-423x271.jpg\" width=\"423\" height=\"271\" align=\"left\" title=\"dp00-01 Gouvy d antan\" \/><\/a><\/div><\/div><div class=\"gallery-group images-2\" style=\"width: 216px; height: 275px;\"><div class=\"tiled-gallery-item tiled-gallery-item-small\"><a href=\"https:\/\/gouvy.eu\/antan\/gouvy-dantan\/dp00-02-gouvy-d-antan\/\"><img loading=\"lazy\" decoding=\"async\" data-attachment-id=\"164\" data-orig-file=\"https:\/\/gouvy.eu\/antan\/files\/gouvy-dantan\/dp00-02-Gouvy-d-antan.jpg\" data-orig-size=\"1666,1042\" data-comments-opened=\"0\" data-image-meta=\"{&quot;aperture&quot;:&quot;0&quot;,&quot;credit&quot;:&quot;&quot;,&quot;camera&quot;:&quot;&quot;,&quot;caption&quot;:&quot;&quot;,&quot;created_timestamp&quot;:&quot;0&quot;,&quot;copyright&quot;:&quot;&quot;,&quot;focal_length&quot;:&quot;0&quot;,&quot;iso&quot;:&quot;0&quot;,&quot;shutter_speed&quot;:&quot;0&quot;,&quot;title&quot;:&quot;&quot;}\" data-image-title=\"dp00-02 Gouvy d antan\" data-image-description=\"\" data-medium-file=\"https:\/\/gouvy.eu\/antan\/files\/gouvy-dantan\/dp00-02-Gouvy-d-antan-300x187.jpg\" data-large-file=\"https:\/\/gouvy.eu\/antan\/files\/gouvy-dantan\/dp00-02-Gouvy-d-antan-500x312.jpg\" src=\"https:\/\/gouvy.eu\/antan\/files\/gouvy-dantan\/dp00-02-Gouvy-d-antan-212x132.jpg\" width=\"212\" height=\"132\" align=\"left\" title=\"dp00-02 Gouvy d antan\" \/><\/a><\/div><div class=\"tiled-gallery-item tiled-gallery-item-small\"><a href=\"https:\/\/gouvy.eu\/antan\/gouvy-dantan\/dp00-03-gouvy-d-antan\/\"><img loading=\"lazy\" decoding=\"async\" data-attachment-id=\"165\" data-orig-file=\"https:\/\/gouvy.eu\/antan\/files\/gouvy-dantan\/dp00-03-Gouvy-d-antan.jpg\" data-orig-size=\"1619,1030\" data-comments-opened=\"0\" data-image-meta=\"{&quot;aperture&quot;:&quot;0&quot;,&quot;credit&quot;:&quot;&quot;,&quot;camera&quot;:&quot;&quot;,&quot;caption&quot;:&quot;&quot;,&quot;created_timestamp&quot;:&quot;0&quot;,&quot;copyright&quot;:&quot;&quot;,&quot;focal_length&quot;:&quot;0&quot;,&quot;iso&quot;:&quot;0&quot;,&quot;shutter_speed&quot;:&quot;0&quot;,&quot;title&quot;:&quot;&quot;}\" data-image-title=\"dp00-03 Gouvy d antan\" data-image-description=\"\" data-medium-file=\"https:\/\/gouvy.eu\/antan\/files\/gouvy-dantan\/dp00-03-Gouvy-d-antan-300x190.jpg\" data-large-file=\"https:\/\/gouvy.eu\/antan\/files\/gouvy-dantan\/dp00-03-Gouvy-d-antan-500x318.jpg\" src=\"https:\/\/gouvy.eu\/antan\/files\/gouvy-dantan\/dp00-03-Gouvy-d-antan-212x135.jpg\" width=\"212\" height=\"135\" align=\"left\" title=\"dp00-03 Gouvy d antan\" \/><\/a><\/div><\/div><\/div><div class=\"gallery-row\" style=\"width: 643px; height: 203px;\"><div class=\"gallery-group images-1\" style=\"width: 318px; height: 207px;\"><div class=\"tiled-gallery-item tiled-gallery-item-large\"><a href=\"https:\/\/gouvy.eu\/antan\/gouvy-dantan\/dp00-04-gouvy-d-antan\/\"><img loading=\"lazy\" decoding=\"async\" data-attachment-id=\"166\" data-orig-file=\"https:\/\/gouvy.eu\/antan\/files\/gouvy-dantan\/dp00-04-Gouvy-d-antan.jpg\" data-orig-size=\"1643,1065\" data-comments-opened=\"0\" data-image-meta=\"{&quot;aperture&quot;:&quot;0&quot;,&quot;credit&quot;:&quot;&quot;,&quot;camera&quot;:&quot;&quot;,&quot;caption&quot;:&quot;&quot;,&quot;created_timestamp&quot;:&quot;0&quot;,&quot;copyright&quot;:&quot;&quot;,&quot;focal_length&quot;:&quot;0&quot;,&quot;iso&quot;:&quot;0&quot;,&quot;shutter_speed&quot;:&quot;0&quot;,&quot;title&quot;:&quot;&quot;}\" data-image-title=\"dp00-04 Gouvy d antan\" data-image-description=\"\" data-medium-file=\"https:\/\/gouvy.eu\/antan\/files\/gouvy-dantan\/dp00-04-Gouvy-d-antan-300x194.jpg\" data-large-file=\"https:\/\/gouvy.eu\/antan\/files\/gouvy-dantan\/dp00-04-Gouvy-d-antan-500x324.jpg\" src=\"https:\/\/gouvy.eu\/antan\/files\/gouvy-dantan\/dp00-04-Gouvy-d-antan-314x203.jpg\" width=\"314\" height=\"203\" align=\"left\" title=\"dp00-04 Gouvy d antan\" \/><\/a><\/div><\/div><div class=\"gallery-group images-1\" style=\"width: 325px; height: 207px;\"><div class=\"tiled-gallery-item tiled-gallery-item-large\"><a href=\"https:\/\/gouvy.eu\/antan\/gouvy-dantan\/dp00-05-gouvy-d-antan\/\"><img loading=\"lazy\" decoding=\"async\" data-attachment-id=\"167\" data-orig-file=\"https:\/\/gouvy.eu\/antan\/files\/gouvy-dantan\/dp00-05-Gouvy-d-antan.jpg\" data-orig-size=\"1648,1042\" data-comments-opened=\"0\" data-image-meta=\"{&quot;aperture&quot;:&quot;0&quot;,&quot;credit&quot;:&quot;&quot;,&quot;camera&quot;:&quot;&quot;,&quot;caption&quot;:&quot;&quot;,&quot;created_timestamp&quot;:&quot;0&quot;,&quot;copyright&quot;:&quot;&quot;,&quot;focal_length&quot;:&quot;0&quot;,&quot;iso&quot;:&quot;0&quot;,&quot;shutter_speed&quot;:&quot;0&quot;,&quot;title&quot;:&quot;&quot;}\" data-image-title=\"dp00-05 Gouvy d antan\" data-image-description=\"\" data-medium-file=\"https:\/\/gouvy.eu\/antan\/files\/gouvy-dantan\/dp00-05-Gouvy-d-antan-300x189.jpg\" data-large-file=\"https:\/\/gouvy.eu\/antan\/files\/gouvy-dantan\/dp00-05-Gouvy-d-antan-500x316.jpg\" src=\"https:\/\/gouvy.eu\/antan\/files\/gouvy-dantan\/dp00-05-Gouvy-d-antan-321x203.jpg\" width=\"321\" height=\"203\" align=\"left\" title=\"dp00-05 Gouvy d antan\" \/><\/a><\/div><\/div><\/div><\/div>\n","protected":false},"excerpt":{"rendered":"<p>Plonger dans l&rsquo;histoire de la Commune de Gouvy, c&rsquo;est \u00e9galement fouiller dans la documentation et particuli\u00e8rement les cartes postales accumul\u00e9es par certains de nos concitoyens. Les albums de cartes postales propos\u00e9s ici proviennent de l&rsquo;immense collection de Victor Trembloy. Merci. Dans le menu, la rubrique \u00ab\u00a0Albums\u00a0\u00bb vous propose diff\u00e9rentes collections de cartes postales, organis\u00e9es par [&hellip;]<\/p>\n","protected":false},"author":1,"featured_media":264,"parent":0,"menu_order":0,"comment_status":"closed","ping_status":"open","template":"","meta":{"footnotes":"","_links_to":"","_links_to_target":""},"class_list":["post-2","page","type-page","status-publish","has-post-thumbnail","hentry"],"_links":{"self":[{"href":"https:\/\/gouvy.eu\/antan\/wp-json\/wp\/v2\/pages\/2","targetHints":{"allow":["GET"]}}],"collection":[{"href":"https:\/\/gouvy.eu\/antan\/wp-json\/wp\/v2\/pages"}],"about":[{"href":"https:\/\/gouvy.eu\/antan\/wp-json\/wp\/v2\/types\/page"}],"author":[{"embeddable":true,"href":"https:\/\/gouvy.eu\/antan\/wp-json\/wp\/v2\/users\/1"}],"replies":[{"embeddable":true,"href":"https:\/\/gouvy.eu\/antan\/wp-json\/wp\/v2\/comments?post=2"}],"version-history":[{"count":4,"href":"https:\/\/gouvy.eu\/antan\/wp-json\/wp\/v2\/pages\/2\/revisions"}],"predecessor-version":[{"id":26,"href":"https:\/\/gouvy.eu\/antan\/wp-json\/wp\/v2\/pages\/2\/revisions\/26"}],"wp:featuredmedia":[{"embeddable":true,"href":"https:\/\/gouvy.eu\/antan\/wp-json\/wp\/v2\/media\/264"}],"wp:attachment":[{"href":"https:\/\/gouvy.eu\/antan\/wp-json\/wp\/v2\/media?parent=2"}],"curies":[{"name":"wp","href":"https:\/\/api.w.org\/{rel}","templated":true}]}}