{"id":102,"date":"2012-01-05T07:22:25","date_gmt":"2012-01-05T07:22:25","guid":{"rendered":"http:\/\/85.201.121.98\/livre\/?page_id=102"},"modified":"2014-07-29T09:10:39","modified_gmt":"2014-07-29T09:10:39","slug":"courtil","status":"publish","type":"page","link":"https:\/\/gouvy.eu\/livre\/23-villages\/courtil\/","title":{"rendered":"Courtil"},"content":{"rendered":"<p><em>374 habitants.<\/em><\/p>\n<p><em>\u00c9tymologie\u00a0: Courti, diminutif en -ile, du latin du haut moyen-\u00e2ge \u00ab\u00a0cortis\u00a0\u00bb, primitivement cour de ferme et prenant plus tard le sens d\u2019exploitation rurale, et d\u00e8s lors suit la m\u00eame \u00e9volution que villa, pour signifier \u00ab\u00a0village\u00a0\u00bb \u00e0 partir du 12e si\u00e8cle.<\/em><\/p>\n<p>Au sortir de Bovigny, en direction de Gouvy et Cherain, le petit village de Courtil s\u2019\u00e9tale, tranquille, sur le flanc est du haut plateau du Poncay. Construit tout en longueur, le village se distingue par l\u2019imposante ferme enclose n\u00b0\u00a050, situ\u00e9e non loin de la chapelle Saint-Hubert et construite en m\u0153llons gr\u00e9seux. La cour int\u00e9rieure, spacieuse, est accessible par un large porche-colombier sous mansard d\u2019ardoises.<\/p>\n<p>Au n\u00b0\u00a051, face \u00e0 l\u2019\u00e9glise, la ferme Lomry, dat\u00e9e de 1\u2009628 et r\u00e9nov\u00e9e en 1928 pr\u00e9sente un volume \u00e9cras\u00e9 sous b\u00e2ti\u00e8re de cherbins. Les petites fen\u00eatres encadr\u00e9es de schiste ardoisier sont prot\u00e9g\u00e9es par d\u2019\u00e9pais barreaux d\u2019acier. \u00c0 remarquer\u00a0: la porte d\u2019entr\u00e9e \u00e0 la cl\u00e9 de voute d\u00e9licatement ouvrag\u00e9e.<\/p>\n<h2>La chapelle Saint-Hubert<\/h2>\n<p>L\u2019\u00e9difice n\u00e9ogothique en m\u0153llons, \u00e9rig\u00e9 aux environs de 1900, succ\u00e8de \u00e0 une autre chapelle mentionn\u00e9e par les archives au 17e si\u00e8cle. Cette chapelle se caract\u00e9rise par une fl\u00e8che de section octogonale ainsi que par une tour, flanqu\u00e9e \u00e0 sa gauche d\u2019une tourelle d\u2019escalier.<\/p>\n<p>La r\u00e9gion est jalonn\u00e9e de nombreux tertres et tombelles de l\u2019\u00e2ge du fer, encore bien visibles \u00e0 travers champs, bois et solitudes non cultiv\u00e9es. Seul un tr\u00e8s petit nombre d\u2019entre eux a fait l\u2019objet de fouilles approfondies.<\/p>\n<p>Au d\u00e9but de ce si\u00e8cle, on extrayait encore, au lieudit \u00ab\u00a0Rodj\u00e8s Fosses\u00a0\u00bb, de grandes quantit\u00e9s de sable rouge qui entrait dans le mortier de nombreuses b\u00e2tisses.<\/p>\n<p>Selon la tradition, une l\u00e9proserie a exist\u00e9 non loin du village, au lieudit \u00ab\u00a0F\u00e2\u00a0\u00bb.<\/p>\n<h2>Les Makrales de Courtil<\/h2>\n<p>\u00c0 en croire la tradition populaire, Courtil et Bovigny semblent avoir \u00e9t\u00e9 autrefois hant\u00e9s par les \u00ab\u00a0Makrales\u00a0\u00bb ou choisis pour leur lieu de sabbat.<\/p>\n<p>On raconte qu\u2019\u00e0 la fin du si\u00e8cle dernier, on entendait souvent leurs cris et le son de leur musique, surtout au lieudit \u00ab\u00a0\u00e0 Long-Wez\u00a0\u00bb (Long Gu\u00e9), o\u00f9 elles se donnaient rendez-vous. Dans la bonne saison, rarement se passait une nuit sans que l\u2019on entend\u00eet des cris rauques, des miaulements, des \u00e9clats de rire et parfois des paroles br\u00e8ves prononc\u00e9es sur un ton de voix f\u00e9minine.<\/p>\n<p>Lorsqu\u2019aujourd\u2019hui les enfants demandent \u00e0 leurs arri\u00e8res grands-parents pourquoi on ne voit plus de \u00ab\u00a0Makrales\u00a0\u00bb, ceux-ci r\u00e9pondent avec conviction\u00a0: \u00ab\u00a0Mes enfants, on ne voit plus de \u00ab\u00a0Gromanciers\u00a0\u00bb, on n\u2019entend plus de \u00ab\u00a0Jhouplars\u00a0\u00bb, ni de concerts de sorci\u00e8res parce que les pr\u00eatres lisent maintenant l\u2019\u00e9vangile de saint Jean apr\u00e8s la messe. Mais les \u00ab\u00a0Makrales\u00a0\u00bb existent toujours. Elles ne sont visibles qu\u2019au pr\u00eatre. \u00c0 la messe, quand le cur\u00e9 se retourne vers le peuple en disant \u00ab\u00a0l\u2019Orate Fratres\u00a0\u00bb, toutes les \u00ab\u00a0Makrales\u00a0\u00bb ont le dos tourn\u00e9 vers l\u2019autel. C\u2019est pour ne pas les voir qu\u2019il baisse alors les yeux.\u00a0\u00bb<\/p>\n<p>Non loin de l\u2019ancienne gare, l\u2019h\u00f4tel-restaurant Saint-Martin pr\u00e9sente un ensemble architectural homog\u00e8ne et plaisant et offre \u00e0 ses convives une restauration locale d\u2019excellente qualit\u00e9.<\/p>\n<p><strong>Promenade S.I. passant par le village de Courtil<\/strong><\/p>\n<blockquote>\n<ul>\n<li>N\u00b0\u00a012 7,6\u00a0km 2\u00a0h\u00a030 vert for\u00eat, point de vue<\/li>\n<li>N\u00ba\u00a025 8,6\u00a0km 3\u00a0h rouge point de vue vers les hauteurs de Rogery, chapelle St-Martin \u00e0 200\u00a0m<\/li>\n<li>N\u00ba\u00a036 7,1\u00a0km 2\u00a0h\u00a015 rouge facile, campagne<\/li>\n<\/ul>\n<\/blockquote>\n<p><strong>Parcours VTT passant par Courtil ou \u00e0 proximit\u00e9<\/strong><\/p>\n<blockquote>\n<ul>\n<li>N\u00ba\u00a03 37\u00a0km jaune<\/li>\n<li>N\u00ba\u00a04 31\u00a0km rouge<\/li>\n<\/ul>\n<\/blockquote>\n","protected":false},"excerpt":{"rendered":"<p>374 habitants. \u00c9tymologie\u00a0: Courti, diminutif en -ile, du latin du haut moyen-\u00e2ge \u00ab\u00a0cortis\u00a0\u00bb, primitivement cour de ferme et prenant plus tard le sens d\u2019exploitation rurale, et d\u00e8s lors suit la m\u00eame \u00e9volution que villa, pour signifier \u00ab\u00a0village\u00a0\u00bb \u00e0 partir du 12e si\u00e8cle. Au sortir de Bovigny, en direction de Gouvy et Cherain, le petit village [&hellip;]<\/p>\n","protected":false},"author":1,"featured_media":0,"parent":2,"menu_order":10,"comment_status":"closed","ping_status":"open","template":"","meta":{"footnotes":"","_links_to":"","_links_to_target":""},"class_list":["post-102","page","type-page","status-publish","hentry"],"_links":{"self":[{"href":"https:\/\/gouvy.eu\/livre\/wp-json\/wp\/v2\/pages\/102","targetHints":{"allow":["GET"]}}],"collection":[{"href":"https:\/\/gouvy.eu\/livre\/wp-json\/wp\/v2\/pages"}],"about":[{"href":"https:\/\/gouvy.eu\/livre\/wp-json\/wp\/v2\/types\/page"}],"author":[{"embeddable":true,"href":"https:\/\/gouvy.eu\/livre\/wp-json\/wp\/v2\/users\/1"}],"replies":[{"embeddable":true,"href":"https:\/\/gouvy.eu\/livre\/wp-json\/wp\/v2\/comments?post=102"}],"version-history":[{"count":3,"href":"https:\/\/gouvy.eu\/livre\/wp-json\/wp\/v2\/pages\/102\/revisions"}],"predecessor-version":[{"id":193,"href":"https:\/\/gouvy.eu\/livre\/wp-json\/wp\/v2\/pages\/102\/revisions\/193"}],"up":[{"embeddable":true,"href":"https:\/\/gouvy.eu\/livre\/wp-json\/wp\/v2\/pages\/2"}],"wp:attachment":[{"href":"https:\/\/gouvy.eu\/livre\/wp-json\/wp\/v2\/media?parent=102"}],"curies":[{"name":"wp","href":"https:\/\/api.w.org\/{rel}","templated":true}]}}

<p><em>374 habitants.</em></p>
<p><em>Étymologie : Courti, diminutif en -ile, du latin du haut moyen-âge « cortis », primitivement cour de ferme et prenant plus tard le sens d’exploitation rurale, et dès lors suit la même évolution que villa, pour signifier « village » à partir du 12e siècle.</em></p>
<p>Au sortir de Bovigny, en direction de Gouvy et Cherain, le petit village de Courtil s’étale, tranquille, sur le flanc est du haut plateau du Poncay. Construit tout en longueur, le village se distingue par l’imposante ferme enclose n° 50, située non loin de la chapelle Saint-Hubert et construite en mœllons gréseux. La cour intérieure, spacieuse, est accessible par un large porche-colombier sous mansard d’ardoises.</p>
<p>Au n° 51, face à l’église, la ferme Lomry, datée de 1 628 et rénovée en 1928 présente un volume écrasé sous bâtière de cherbins. Les petites fenêtres encadrées de schiste ardoisier sont protégées par d’épais barreaux d’acier. À remarquer : la porte d’entrée à la clé de voute délicatement ouvragée.</p>
<h2>La chapelle Saint-Hubert</h2>
<p>L’édifice néogothique en mœllons, érigé aux environs de 1900, succède à une autre chapelle mentionnée par les archives au 17e siècle. Cette chapelle se caractérise par une flèche de section octogonale ainsi que par une tour, flanquée à sa gauche d’une tourelle d’escalier.</p>
<p>La région est jalonnée de nombreux tertres et tombelles de l’âge du fer, encore bien visibles à travers champs, bois et solitudes non cultivées. Seul un très petit nombre d’entre eux a fait l’objet de fouilles approfondies.</p>
<p>Au début de ce siècle, on extrayait encore, au lieudit « Rodjès Fosses », de grandes quantités de sable rouge qui entrait dans le mortier de nombreuses bâtisses.</p>
<p>Selon la tradition, une léproserie a existé non loin du village, au lieudit « Fâ ».</p>
<h2>Les Makrales de Courtil</h2>
<p>À en croire la tradition populaire, Courtil et Bovigny semblent avoir été autrefois hantés par les « Makrales » ou choisis pour leur lieu de sabbat.</p>
<p>On raconte qu’à la fin du siècle dernier, on entendait souvent leurs cris et le son de leur musique, surtout au lieudit « à Long-Wez » (Long Gué), où elles se donnaient rendez-vous. Dans la bonne saison, rarement se passait une nuit sans que l’on entendît des cris rauques, des miaulements, des éclats de rire et parfois des paroles brèves prononcées sur un ton de voix féminine.</p>
<p>Lorsqu’aujourd’hui les enfants demandent à leurs arrières grands-parents pourquoi on ne voit plus de « Makrales », ceux-ci répondent avec conviction : « Mes enfants, on ne voit plus de « Gromanciers », on n’entend plus de « Jhouplars », ni de concerts de sorcières parce que les prêtres lisent maintenant l’évangile de saint Jean après la messe. Mais les « Makrales » existent toujours. Elles ne sont visibles qu’au prêtre. À la messe, quand le curé se retourne vers le peuple en disant « l’Orate Fratres », toutes les « Makrales » ont le dos tourné vers l’autel. C’est pour ne pas les voir qu’il baisse alors les yeux. »</p>
<p>Non loin de l’ancienne gare, l’hôtel-restaurant Saint-Martin présente un ensemble architectural homogène et plaisant et offre à ses convives une restauration locale d’excellente qualité.</p>
<p><strong>Promenade S.I. passant par le village de Courtil</strong></p>
<blockquote>
<ul>
<li>N° 12 7,6 km 2 h 30 vert forêt, point de vue</li>
<li>Nº 25 8,6 km 3 h rouge point de vue vers les hauteurs de Rogery, chapelle St-Martin à 200 m</li>
<li>Nº 36 7,1 km 2 h 15 rouge facile, campagne</li>
</ul>
</blockquote>
<p><strong>Parcours VTT passant par Courtil ou à proximité</strong></p>
<blockquote>
<ul>
<li>Nº 3 37 km jaune</li>
<li>Nº 4 31 km rouge</li>
</ul>
</blockquote>

<p>374 habitants. Étymologie : Courti, diminutif en -ile, du latin du haut moyen-âge « cortis », primitivement cour de ferme et prenant plus tard le sens d’exploitation rurale, et dès lors suit la même évolution que villa, pour signifier « village » à partir du 12e siècle. Au sortir de Bovigny, en direction de Gouvy et Cherain, le petit village [&hellip;]</p>
