{"id":118,"date":"2012-01-05T09:54:25","date_gmt":"2012-01-05T09:54:25","guid":{"rendered":"http:\/\/85.201.121.98\/livre\/?page_id=118"},"modified":"2014-07-29T09:16:28","modified_gmt":"2014-07-29T09:16:28","slug":"honvelez","status":"publish","type":"page","link":"https:\/\/gouvy.eu\/livre\/23-villages\/honvelez\/","title":{"rendered":"Honvelez"},"content":{"rendered":"<p><em>123 habitants<\/em><\/p>\n<p>Hameau de Bovigny accroch\u00e9 au flanc de la colline sur la rive gauche du Glain. D\u00e9part d\u2019agr\u00e9ables promenades le long de la vall\u00e9e encaiss\u00e9e de la Ronce et jolis points de vue sur la vall\u00e9e du Glain.<\/p>\n<h2>Le trou du loup<\/h2>\n<blockquote><p>\u00c0 droite de la route de Bovigny vers \u00ab\u00a0Li H\u00e8sse R\u00f4mus\u00a0\u00bb et \u00e0 gauche \u00ab\u00a0Dil v\u00f4ye di L\u00eedje\u00a0\u00bb, on remarque encore un l\u00e9ger enfoncement de terrain.<\/p>\n<p>Il y a plus d\u2019un si\u00e8cle que l\u2019on n\u2019a plus vu de loup dans le pays\u2009; auparavant, les incursions de ces animaux, m\u00eame au c\u0153ur des villages, n\u2019\u00e9taient pas rares durant les hivers qui \u00e9taient beaucoup plus longs et plus rigoureux que maintenant.<\/p>\n<p>On tendait donc des pi\u00e8ges \u00e0 l\u2019animal pour prot\u00e9ger le b\u00e9tail et les habitants des hameaux isol\u00e9s. Les pi\u00e9geurs creusaient un trou large et profond, dont la base inf\u00e9rieure \u00e9tait plus grande que l\u2019ouverture sup\u00e9rieure, de mani\u00e8re \u00e0 ce que l\u2019animal pi\u00e9g\u00e9 ne puisse s\u2019appuyer sur les parois pour s\u2019en \u00e9chapper. L\u2019orifice sup\u00e9rieur \u00e9tait ensuite dissimul\u00e9 \u00e0 l\u2019aide de branchages fragiles et de quelques touffes d\u2019herbes.<\/p>\n<p>On trainait alors une b\u00eate crev\u00e9e &#8211; un mouton, un veau\u2026 &#8211; dans le voisinage du trou, puis on l\u2019y jetait. Il ne restait plus qu\u2019\u00e0 attendre.<\/p>\n<p>Attir\u00e9 par l\u2019odeur de la b\u00eate, l\u2019animal ne tardait pas \u00e0 se retrouver au fond du pi\u00e8ge et il \u00e9tait mis \u00e0 mort.<\/p>\n<p>Sa d\u00e9pouille \u00e9tait empaill\u00e9e, clou\u00e9e sur un tr\u00e9teau et exhib\u00e9e dans le village, de maison en maison, o\u00f9 les rabatteurs recevaient des pourboires de la population soulag\u00e9e.<\/p>\n<p>Il existait de nombreux pi\u00e8ges de ce type dans plusieurs villages de la commune (e.a. Halconreux).<\/p><\/blockquote>\n<p><strong>Promenades S.I. passant par Honvelez<\/strong><\/p>\n<blockquote>\n<ul>\n<li>N\u00b0\u00a023 12,5\u00a0km 3\u00a0h\u00a045 jaune sauvage, vall\u00e9e de la Ronce, ruisseau, for\u00eat, point de vue<\/li>\n<\/ul>\n<\/blockquote>\n","protected":false},"excerpt":{"rendered":"<p>123 habitants Hameau de Bovigny accroch\u00e9 au flanc de la colline sur la rive gauche du Glain. D\u00e9part d\u2019agr\u00e9ables promenades le long de la vall\u00e9e encaiss\u00e9e de la Ronce et jolis points de vue sur la vall\u00e9e du Glain. Le trou du loup \u00c0 droite de la route de Bovigny vers \u00ab\u00a0Li H\u00e8sse R\u00f4mus\u00a0\u00bb et [&hellip;]<\/p>\n","protected":false},"author":1,"featured_media":0,"parent":2,"menu_order":15,"comment_status":"closed","ping_status":"open","template":"","meta":{"footnotes":"","_links_to":"","_links_to_target":""},"class_list":["post-118","page","type-page","status-publish","hentry"],"_links":{"self":[{"href":"https:\/\/gouvy.eu\/livre\/wp-json\/wp\/v2\/pages\/118","targetHints":{"allow":["GET"]}}],"collection":[{"href":"https:\/\/gouvy.eu\/livre\/wp-json\/wp\/v2\/pages"}],"about":[{"href":"https:\/\/gouvy.eu\/livre\/wp-json\/wp\/v2\/types\/page"}],"author":[{"embeddable":true,"href":"https:\/\/gouvy.eu\/livre\/wp-json\/wp\/v2\/users\/1"}],"replies":[{"embeddable":true,"href":"https:\/\/gouvy.eu\/livre\/wp-json\/wp\/v2\/comments?post=118"}],"version-history":[{"count":3,"href":"https:\/\/gouvy.eu\/livre\/wp-json\/wp\/v2\/pages\/118\/revisions"}],"predecessor-version":[{"id":200,"href":"https:\/\/gouvy.eu\/livre\/wp-json\/wp\/v2\/pages\/118\/revisions\/200"}],"up":[{"embeddable":true,"href":"https:\/\/gouvy.eu\/livre\/wp-json\/wp\/v2\/pages\/2"}],"wp:attachment":[{"href":"https:\/\/gouvy.eu\/livre\/wp-json\/wp\/v2\/media?parent=118"}],"curies":[{"name":"wp","href":"https:\/\/api.w.org\/{rel}","templated":true}]}}