{"id":147,"date":"2012-01-05T10:22:08","date_gmt":"2012-01-05T10:22:08","guid":{"rendered":"http:\/\/85.201.121.98\/livre\/?page_id=147"},"modified":"2014-07-29T09:22:11","modified_gmt":"2014-07-29T09:22:11","slug":"vaux","status":"publish","type":"page","link":"https:\/\/gouvy.eu\/livre\/23-villages\/vaux\/","title":{"rendered":"Vaux"},"content":{"rendered":"<p><em>35 habitants<\/em><\/p>\n<p>Plus petit hameau de la commune, voisin de Cherain, Vaux \u00e9tale ses quelques vieilles fermes \u00e0 l\u2019abri des vents du Nord dans les replis d\u2019un joli vallon arbor\u00e9.<\/p>\n<p>En 1920, monsieur Th\u00e9rer heurta du soc de sa charrue au lieudit \u00ab\u00a0Tier des Str\u00e9es\u00a0\u00bb une \u00e9paisse muraille. Cette muraille, vestige d\u2019une antique villa romaine, permit la mise \u00e0 jour d\u2019une jolie pierre votive d\u00e9di\u00e9e aux dieux m\u00e2nes. Cette pierre remarquable est aujourd\u2019hui conserv\u00e9e au mus\u00e9e du cinquantenaire \u00e0 Bruxelles\u2009; on peut y lire\u00a0: \u00ab\u00a0Aux dieux M\u00e2nes, Vitorius Florentinus a \u00e9lev\u00e9 ce monument \u00e0 Vitorius Caupius, d\u00e9curion, son p\u00e8re. Sacerius Ammausus\u2026\u00a0\u00bb<\/p>\n<p>Des fouilles r\u00e9alis\u00e9es en 1983 par le Cercle d\u2019Histoire et d\u2019Arch\u00e9ologie S\u00e9gnia ont remis au jour la chambre fun\u00e9raire, un \u00ab\u00a0loculus\u00a0\u00bb en dalles de schiste, qui avait \u00e9t\u00e9 vid\u00e9 ant\u00e9rieurement et ne rec\u00e9lait plus que quelques cendres. La s\u00e9pulture de ce dignitaire date de la fin du 2e ou du d\u00e9but du 3e si\u00e8cle de notre \u00e8re. Vitorius Caupius \u00e9tait sans doute un v\u00e9t\u00e9ran venu s\u2019installer en Ardenne pour y exercer des fonctions administratives ou g\u00e9rer un domaine.<\/p>\n<h2>Lavoir<\/h2>\n<p>\u00c0 l\u2019entr\u00e9e du village, \u00e0 droite de la route venant de Cherain, en retrait d\u2019environ 200\u00a0m, petit lavoir datant de la fin du si\u00e8cle dernier. De plan carr\u00e9, il est fait de trois murs de schiste et recouvert d\u2019un toit d\u2019ardoises \u00e0 quatre pans.<\/p>\n<p>Quelques fermes importantes.<\/p>\n<p><strong>Promenade S.I. passant par le village de Vaux<\/strong><\/p>\n<blockquote>\n<ul>\n<li>N\u00b0\u00a021 5,1\u00a0km 1\u00a0h\u00a030 vert facile<\/li>\n<\/ul>\n<\/blockquote>\n<p><strong>Parcours VTT passant par Vaux<\/strong><\/p>\n<blockquote>\n<ul>\n<li>N\u00ba\u00a03 37\u00a0km jaune<\/li>\n<\/ul>\n<\/blockquote>\n","protected":false},"excerpt":{"rendered":"<p>35 habitants Plus petit hameau de la commune, voisin de Cherain, Vaux \u00e9tale ses quelques vieilles fermes \u00e0 l\u2019abri des vents du Nord dans les replis d\u2019un joli vallon arbor\u00e9. En 1920, monsieur Th\u00e9rer heurta du soc de sa charrue au lieudit \u00ab\u00a0Tier des Str\u00e9es\u00a0\u00bb une \u00e9paisse muraille. Cette muraille, vestige d\u2019une antique villa romaine, [&hellip;]<\/p>\n","protected":false},"author":1,"featured_media":0,"parent":2,"menu_order":25,"comment_status":"closed","ping_status":"open","template":"","meta":{"footnotes":"","_links_to":"","_links_to_target":""},"class_list":["post-147","page","type-page","status-publish","hentry"],"_links":{"self":[{"href":"https:\/\/gouvy.eu\/livre\/wp-json\/wp\/v2\/pages\/147","targetHints":{"allow":["GET"]}}],"collection":[{"href":"https:\/\/gouvy.eu\/livre\/wp-json\/wp\/v2\/pages"}],"about":[{"href":"https:\/\/gouvy.eu\/livre\/wp-json\/wp\/v2\/types\/page"}],"author":[{"embeddable":true,"href":"https:\/\/gouvy.eu\/livre\/wp-json\/wp\/v2\/users\/1"}],"replies":[{"embeddable":true,"href":"https:\/\/gouvy.eu\/livre\/wp-json\/wp\/v2\/comments?post=147"}],"version-history":[{"count":3,"href":"https:\/\/gouvy.eu\/livre\/wp-json\/wp\/v2\/pages\/147\/revisions"}],"predecessor-version":[{"id":211,"href":"https:\/\/gouvy.eu\/livre\/wp-json\/wp\/v2\/pages\/147\/revisions\/211"}],"up":[{"embeddable":true,"href":"https:\/\/gouvy.eu\/livre\/wp-json\/wp\/v2\/pages\/2"}],"wp:attachment":[{"href":"https:\/\/gouvy.eu\/livre\/wp-json\/wp\/v2\/media?parent=147"}],"curies":[{"name":"wp","href":"https:\/\/api.w.org\/{rel}","templated":true}]}}

<p><em>35 habitants</em></p>
<p>Plus petit hameau de la commune, voisin de Cherain, Vaux étale ses quelques vieilles fermes à l’abri des vents du Nord dans les replis d’un joli vallon arboré.</p>
<p>En 1920, monsieur Thérer heurta du soc de sa charrue au lieudit « Tier des Strées » une épaisse muraille. Cette muraille, vestige d’une antique villa romaine, permit la mise à jour d’une jolie pierre votive dédiée aux dieux mânes. Cette pierre remarquable est aujourd’hui conservée au musée du cinquantenaire à Bruxelles ; on peut y lire : « Aux dieux Mânes, Vitorius Florentinus a élevé ce monument à Vitorius Caupius, décurion, son père. Sacerius Ammausus… »</p>
<p>Des fouilles réalisées en 1983 par le Cercle d’Histoire et d’Archéologie Ségnia ont remis au jour la chambre funéraire, un « loculus » en dalles de schiste, qui avait été vidé antérieurement et ne recélait plus que quelques cendres. La sépulture de ce dignitaire date de la fin du 2e ou du début du 3e siècle de notre ère. Vitorius Caupius était sans doute un vétéran venu s’installer en Ardenne pour y exercer des fonctions administratives ou gérer un domaine.</p>
<h2>Lavoir</h2>
<p>À l’entrée du village, à droite de la route venant de Cherain, en retrait d’environ 200 m, petit lavoir datant de la fin du siècle dernier. De plan carré, il est fait de trois murs de schiste et recouvert d’un toit d’ardoises à quatre pans.</p>
<p>Quelques fermes importantes.</p>
<p><strong>Promenade S.I. passant par le village de Vaux</strong></p>
<blockquote>
<ul>
<li>N° 21 5,1 km 1 h 30 vert facile</li>
</ul>
</blockquote>
<p><strong>Parcours VTT passant par Vaux</strong></p>
<blockquote>
<ul>
<li>Nº 3 37 km jaune</li>
</ul>
</blockquote>

<p>35 habitants Plus petit hameau de la commune, voisin de Cherain, Vaux étale ses quelques vieilles fermes à l’abri des vents du Nord dans les replis d’un joli vallon arboré. En 1920, monsieur Thérer heurta du soc de sa charrue au lieudit « Tier des Strées » une épaisse muraille. Cette muraille, vestige d’une antique villa romaine, [&hellip;]</p>
