{"id":38,"date":"2012-01-04T11:21:42","date_gmt":"2012-01-04T11:21:42","guid":{"rendered":"http:\/\/85.201.121.98\/livre\/?page_id=38"},"modified":"2014-07-31T08:35:58","modified_gmt":"2014-07-31T08:35:58","slug":"bibliographie","status":"publish","type":"page","link":"https:\/\/gouvy.eu\/livre\/bibliographie\/","title":{"rendered":"Bibliographie"},"content":{"rendered":"<p>Beho, Abb\u00e9 J. Jacobs, 1957.<\/p>\n<p>Cavernes et souterrains &#8211; histoires et l\u00e9gendes &#8211; G. De Block, \u00e9d. Techniques et Scientifiques s.p.r.l.<\/p>\n<p>C\u0153ur de l\u2019Ardenne, r\u00e9gionale touristique des Syndicats d\u2019Initiative du \u00ab\u00a0C\u0153ur de l\u2019Ardenne\u00a0\u00bb Non dat\u00e9.<\/p>\n<p>En suivant les bornes\u00a0: parcours de Maison Neuve \u00e0 Deiffelt, Jean de Bruyne, \u00e9dit\u00e9 par I.D. Gouvy, A.S.B.L. \u00a9 Gouvy, d\u00e9cembre\u00a01994<\/p>\n<p>Glain et Salm, revue \u00e9dit\u00e9e par l\u2019A.S.B.L. \u00ab\u00a0Val de Glain Terre de Salm, Vielsalm.<\/p>\n<p>Gouvy, Commune d\u2019Ardenne, \u00c9tude arch\u00e9ologique. Extraits de \u00ab\u00a0Parcs Nationaux\u00a0\u00bb. Bulletin de l\u2019A.S.B.L. Ardenne et Gaume volume XXXVI 1\u2009981.<\/p>\n<p>Grand-Duch\u00e9 de Luxembourg- Le guide (Casterman 1995)<\/p>\n<p>Guide des promenades -pas\u00ea d\u00e8s Cotch\u00eaus- Deblanc, Fettweis, Lallemant, Rossel et Schul, Syndicat d\u2019Initiative de Gouvy.<\/p>\n<p>L\u2019almanach des vieux Ardennais &#8211; Traditions et saints de l\u2019\u00e9t\u00e9, Mus\u00e9e dioc\u00e9sain en Piconrue, Bastogne 1994<\/p>\n<p>La Province de Luxembourg, Baudewijn Sondervau, \u00c9dition Christophe Colomb, Suisse, 1\u2009986<\/p>\n<p>La toponymie de la Commune de Bovigny, Louis\u00a0Lomry et le Dr Pierre-Fran\u00e7ois\u00a0Lomry, extraits des annales de l\u2019Institut Arch\u00e9ologique de Luxembourg, tome LXXVIII, 1\u2009947, \u00e9d. Fasbender, Arlon.<\/p>\n<p>Le canton d\u2019Houffalize, Inventaire arch\u00e9ologique de l\u2019arrondissement de Bastogne des origines au 19e si\u00e8cle, Annie\u00a0Simonet et Jean-Marie\u00a0Caprasse, \u00e9ditions du CRIL, 1\u2009985<\/p>\n<p>Le chemin de fer de Bastogne \u00e0 Gouvy, Andr\u00e9\u00a0Dagant. UNDE ORERIS Cercle d\u2019Histoire, Bastogne.<\/p>\n<p>Le patrimoine monumental de la Belgique, Wallonie, arrondissement de Bastogne, Pierre Mardaga \u00c9diteur, 1\u2009993.<\/p>\n<p>Le Vieux cimeti\u00e8re de Gouvy &#8211; Inventaire descriptif &#8211; Carlo Kockerols, \u00e9dit\u00e9 par le I.D. Gouvy, A.S.B.L. \u00a9 Gouvy, novembre\u00a01995.<\/p>\n<p>Les communes luxembourgeoises, \u00c9mile\u00a0Tandel, Institut arch\u00e9ologique du Luxembourg, tome\u00a025 des Annales, Arlon 1891.<\/p>\n<p>Les plaisirs enfantins \u00e0 Montleban, enqu\u00eate dialectologique et folklorique, Marianne Samray, 1\u2009976, Universit\u00e9 catholique de Louvain, M\u00e9moire de licence.<\/p>\n<p>\u00ab\u00a0Les vivants et leurs morts, Art, croyances et rites fun\u00e9raires dans l\u2019Ardenne d\u2019autrefois, \u0153uvre collective, Mus\u00e9e en Piconrue, Bastogne &#8211; Cr\u00e9dit Communal de Belgique 1989.\u00a0\u00bb<\/p>\n<p>Premi\u00e8re mondiale pour le V2 sur Paris\u00a0: le 8\u00a0septembre 1944 \u00e0 Gouvy, en Ardenne belge, par Lambert\u00a0Grailet, s\u00e9rie \u00ab\u00a0V\u00a0\u00bb, N\u00b0\u00a02, Tongeren, 1\u2009996<\/p>\n<p>\u00ab\u00a0Pi\u00e9t\u00e9 baroque en Luxembourg\u00a0\u00bb, Mus\u00e9e en Piconrue, Bastogne &#8211; Cr\u00e9dit Communal de Belgique et Ville de Luxembourg &#8211; 1995.\u00a0\u00bb<\/p>\n<p>Salm en Ardenne, Itin\u00e9raire dans l\u2019histoire et le patrimoine du pays de Salm, Olivier\u00a0Graulich et Charles\u00a0Legros, \u00c9dit\u00e9 par l\u2019Administration communale de Vielsalm en collaboration avec \u00ab\u00a0Val du Glain, Terre de Salm\u00a0\u00bb, Vielsalm 1994.<\/p>\n<p>Toponymie de Bihain et de Montleban, B\u00e9atrice\u00a0Fraiture, 1\u2009989, Universit\u00e9 de Li\u00e8ge, M\u00e9moire de licence.<\/p>\n<p>Toponymie de la Commune de Cherain, Raymond\u00a0Felten (1\u2009962), Universit\u00e9 de Li\u00e8ge, m\u00e9moire de licence.<\/p>\n<p>Vielsalm et ses environs, 2e \u00e9dition, Gaston\u00a0Remacle, Administration Communale de Vielsalm, 1\u2009968.<\/p>\n<p><strong>T\u00e9moignages oraux<\/strong><\/p>\n<p>Me Marcelle\u00a0Nissen, M.\u00a0Omer\u00a0Choffray, M.\u00a0Olivier\u00a0Linden.<\/p>\n","protected":false},"excerpt":{"rendered":"<p>Beho, Abb\u00e9 J. Jacobs, 1957. Cavernes et souterrains &#8211; histoires et l\u00e9gendes &#8211; G. De Block, \u00e9d. Techniques et Scientifiques s.p.r.l. C\u0153ur de l\u2019Ardenne, r\u00e9gionale touristique des Syndicats d\u2019Initiative du \u00ab\u00a0C\u0153ur de l\u2019Ardenne\u00a0\u00bb Non dat\u00e9. En suivant les bornes\u00a0: parcours de Maison Neuve \u00e0 Deiffelt, Jean de Bruyne, \u00e9dit\u00e9 par I.D. Gouvy, A.S.B.L. \u00a9 Gouvy, [&hellip;]<\/p>\n","protected":false},"author":1,"featured_media":0,"parent":0,"menu_order":27,"comment_status":"closed","ping_status":"open","template":"","meta":{"footnotes":"","_links_to":"","_links_to_target":""},"class_list":["post-38","page","type-page","status-publish","hentry"],"_links":{"self":[{"href":"https:\/\/gouvy.eu\/livre\/wp-json\/wp\/v2\/pages\/38","targetHints":{"allow":["GET"]}}],"collection":[{"href":"https:\/\/gouvy.eu\/livre\/wp-json\/wp\/v2\/pages"}],"about":[{"href":"https:\/\/gouvy.eu\/livre\/wp-json\/wp\/v2\/types\/page"}],"author":[{"embeddable":true,"href":"https:\/\/gouvy.eu\/livre\/wp-json\/wp\/v2\/users\/1"}],"replies":[{"embeddable":true,"href":"https:\/\/gouvy.eu\/livre\/wp-json\/wp\/v2\/comments?post=38"}],"version-history":[{"count":2,"href":"https:\/\/gouvy.eu\/livre\/wp-json\/wp\/v2\/pages\/38\/revisions"}],"predecessor-version":[{"id":60,"href":"https:\/\/gouvy.eu\/livre\/wp-json\/wp\/v2\/pages\/38\/revisions\/60"}],"wp:attachment":[{"href":"https:\/\/gouvy.eu\/livre\/wp-json\/wp\/v2\/media?parent=38"}],"curies":[{"name":"wp","href":"https:\/\/api.w.org\/{rel}","templated":true}]}}